e highest common factor of a and s?
1
Let r be ((-65)/10 + 5)*-60. Calculate the highest common factor of 580 and r.
10
Let n(s) = s**3 - 13*s**2 + 46*s + 13. Let w be n(5). What is the greatest common factor of w and 68?
1
Let n(g) = 198*g - 752. Let r be n(5). Suppose 2*h - h + 3*b = 37, -137 = -4*h - b. Calculate the highest common factor of r and h.
34
Suppose u + 4*s + s - 18 = 0, 0 = 3*u - s - 6. Suppose 4*t = -3*z + 2*z - u, 3*t = 9. Let v = z + 47. Calculate the highest common divisor of v and 4.
4
Let s be (0 + 30/25)/((-3)/10). Let x be s/(-6) - (545/3)/(-5). What is the greatest common factor of x and 592?
37
Let o(y) = 352*y - 98. Let i be o(4). Calculate the greatest common factor of 3406 and i.
262
Let b be ((-114)/(-9))/(5/((-15)/(-2))). Let c be (-2 - 753)/(-5) + 1. Calculate the greatest common divisor of c and b.
19
Let s = 125 - -131. Let z(a) = -a**3 + 52*a**2 - 356*a + 3688. Let t be z(46). What is the highest common factor of s and t?
8
Let n(q) = -105*q + 765. Let m be n(7). What is the greatest common factor of m and 936?
6
Let j be (96/15)/((-22)/(-143) - 2920/19825). What is the highest common divisor of 176 and j?
16
Let q be 3190/261 - ((-58)/(-18) + -3). Let f(l) = -l**2 + 8*l + 13. Let t be f(7). What is the greatest common factor of q and t?
4
Let l = -2690 - -3100. What is the highest common factor of l and 50?
10
Let d = -1975 + 3690. Let q(m) = -m**3 - 14*m**2 + 42*m - 118. Let n be q(-17). What is the greatest common divisor of n and d?
35
Suppose q + 98 - 99 = 0. Let t be (24/(-18))/(-2*q/108). What is the highest common factor of 27 and t?
9
Suppose -2*q + 3*h = -q + 357, q + 347 = -2*h. Let g be 43*7/(42/72). Let x = q + g. Calculate the greatest common divisor of 33 and x.
33
Let x be 70/(-45) + 902/198. What is the highest common factor of x and 3?
3
Let z(j) = 2*j**3 + 36*j**2 - 2017*j - 41. Let u be z(-42). Let q(s) = 5*s**2 - 3*s - 3. Let n be q(-3). Calculate the greatest common divisor of u and n.
1
Let v(t) = -13*t + 55. Let y be v(4). Suppose q - 6 = f - y*f, 3*f = 3*q. What is the greatest common divisor of 15 and f?
1
Let b be (-86)/(-3) - (-3 - (-22)/6). What is the greatest common factor of 2268 and b?
28
Let k = 1697 + -1559. Calculate the highest common divisor of k and 54.
6
Let y(r) = 39*r + 46. Let m be y(3). Suppose 0 = -23*w + 784 - m. What is the greatest common factor of 297 and w?
27
Let c(i) = 149*i + 249. Let f be c(10). Calculate the greatest common divisor of f and 799.
47
Let i = -1 - -3. Let g(z) = -2*z**2 - 46*z + 182. Let p be g(-26). What is the greatest common divisor of p and i?
2
Let n be (-7)/((-245)/56)*15/2. Let x = -22 - -19. Let g be (-22)/x - 4/3. Calculate the greatest common divisor of n and g.
6
Let i be (-18 + 23 + 16)*22. Calculate the greatest common factor of 672 and i.
42
Suppose 836*x + 413*x - 87430 = 0. Suppose 3 - 2 = p, -5*p = 5*v - 180. What is the greatest common factor of x and v?
35
Let u be (-1115 - -1)*(-475 - -467). What is the highest common factor of u and 80?
16
Suppose 3 = 2*b - 395. Let y = b - 157. Calculate the greatest common divisor of 112 and y.
14
Suppose -2774 = -19*s - 2299. Let x = 792 - 367. Calculate the greatest common divisor of x and s.
25
Let c be 1 + 276 - 7/(168/216). What is the greatest common factor of 469 and c?
67
Let a = 376 - 516. Let l = -190 - -45. Let o = a - l. Calculate the highest common factor of o and 95.
5
Let y(i) = i**3 - i**2 + 2*i - 6. Let l be y(2). Let h be 3/(-24)*l - (-221)/4. Let z = -19 + 30. Calculate the highest common factor of h and z.
11
Let g(d) = -91*d**3 + d**2 + 2*d + 2. Let n be g(-1). Let i = n + -65. Suppose i = 3*r - 3. Calculate the highest common factor of r and 4.
2
Suppose 8 = 4*t - 44. Suppose 2*p + a - 73 = 125, 0 = -5*p - 3*a + 490. Calculate the greatest common divisor of p and t.
13
Let d be 2/((-16)/(-4) + 5/(-1)). Let a be (8/d + -14)/(1/(-2)). Calculate the greatest common divisor of a and 20.
4
Let d(f) = -f**3 - f**2 + 7*f - 4. Let z(c) = c**3 + c**2 - 7*c + 5. Let r(n) = 5*d(n) + 4*z(n). Let h be r(-4). What is the highest common factor of 140 and h?
20
Suppose 130*p - 6120 = 62*p. What is the highest common factor of 4680 and p?
90
Let r be 35 - (-2 - 3/(-1)). Suppose 3*o + 60 = -5*i - 2*o, 5*i + 80 = -o. Let m be i/((-30)/(-8) + -4). What is the greatest common factor of r and m?
34
Let i be 56/(-10) + 4/(-10). Let x = i - -9. Suppose -13*g = -x*g - 110. What is the greatest common divisor of 11 and g?
11
Let r be 6265/28 + (-8)/(-32). Let h = r + -216. Let y = 21 - 13. What is the greatest common factor of y and h?
8
Suppose -43*c + 14*c - 232 = 0. Let h be 319 + (1 - -3 - c/(-1)). What is the greatest common divisor of h and 35?
35
Suppose 0 = -4*y - 24, -6*x + 5*y = x - 154044. Calculate the highest common divisor of 114 and x.
114
Let w be 1/((-9)/(-45))*(-408)/(-15). Suppose -2*a - 7*a + 144 = 0. What is the highest common factor of w and a?
8
Let k = -178 - -263. Suppose -3*x + k - 276 = -4*f, -5*f = x - 253. What is the greatest common divisor of 30 and f?
10
Let c = 10771 - 10651. What is the greatest common factor of 6080 and c?
40
Let p(m) = 12*m**2 - 211*m - 212. Let y be p(-1). What is the greatest common divisor of y and 8371?
11
Let m be 225/(-25) - 1 - (-2 - 48). What is the highest common divisor of 330 and m?
10
Let l = 8 - 0. Let c(a) = -a - l*a + 3*a - 7*a + 1. Let r be c(-3). What is the highest common divisor of 4 and r?
4
Let d(z) = -z**3 - 14*z**2 + 9*z + 6. Let b be d(-14). Let y = -75 - b. What is the highest common factor of y and 9?
9
Let o(p) be the second derivative of 2*p**4/3 + 4*p**3/3 - 3*p. Let v be o(-3). Suppose 2*k - 34 = v. What is the greatest common factor of k and 369?
41
Let u(k) be the first derivative of k**4/4 - 5*k**3/3 - 17*k**2/2 - 98. Let w be u(8). What is the highest common divisor of 16 and w?
8
Suppose -248 = -k + 3*k. Let j = 4497 + -4645. Let c = k - j. What is the highest common factor of c and 30?
6
Suppose -10967 = -11*q + 14542. Suppose 2321*f - 28 = q*f. Calculate the greatest common divisor of 126 and f.
14
Suppose -330 = h - 3*h. Suppose 0*u - h = -u. Let f(x) = x**3 + 3*x**2 - 3*x + 15. Let p be f(0). Calculate the greatest common divisor of u and p.
15
Let r(z) = 24*z**2 + 24*z + 687. Let v be r(-10). Calculate the highest common divisor of v and 39.
39
Let b = 82 + -79. Let y(t) = 17*t**3 + 3*t**2 + 16*t + 3 - 2 + b - 18*t**3. Let p be y(5). Calculate the greatest common divisor of p and 17.
17
Suppose -5*b + 2*l + 218 = 0, -5*b + 206 = -0*b + l. Suppose -14564*h = -14514*h - 33600. What is the highest common factor of h and b?
42
Suppose -50*f + 30 = -48*f - 5*u, -3*f - 4*u = -22. Let h = 3 + -2. Let m be f + h/((-2)/(-8)). What is the greatest common factor of 4 and m?
2
Suppose -299 = 87*d - 100*d. What is the greatest common divisor of 8579 and d?
23
Let o be 220/(-110) - 20433/14*(-16)/6. Calculate the highest common divisor of 10 and o.
10
Suppose 5*k - d - 9072 + 8285 = 0, 5*k + 4*d - 802 = 0. What is the highest common factor of 3555 and k?
79
Suppose 6*o - 3*o = 9. Suppose 0 = -y + o. Let l(r) = -7*r**3 + 165*r**2 + 76*r - 93. Let x be l(24). What is the greatest common factor of y and x?
3
Let n be 6 + (-2)/(-1) + 1. Suppose 0 = -4*a - n*a + 221. What is the greatest common factor of 425 and a?
17
Let v = -249 + 265. Let s be (7/(-84)*27)/((-3)/v). What is the highest common factor of s and 588?
12
Suppose -5*h + 9 = 3*s, -4*s = -2*h - 0*s + 14. Let u be (-4)/(-6)*(51 - 48). Calculate the highest common divisor of h and u.
1
Suppose 0 = -3*c + 8*c + 2*a - 214, 122 = 3*c - 2*a. Let h = c - 19. Calculate the highest common divisor of h and 161.
23
Suppose -4*t = 5*l + 73, -l - l + 2*t - 22 = 0. Let u = l - -3. Let b be 18/30*1 - 194/u. Calculate the highest common divisor of 8 and b.
4
Let w(o) = -6*o + 72. Let a be w(-20). Suppose 68*x - a = 62*x. What is the highest common factor of x and 80?
16
Let i(x) = -13 - 27 - 3*x + 57 + x. Let o be i(-5). Calculate the highest common divisor of 36 and o.
9
Suppose -o + 2*w + 22 = 2*o, -3*o + 4*w = -14. Suppose -5*l + o = -0. Suppose 91 = -l*v + 241. Calculate the greatest common factor of 15 and v.
15
Let t be 1 + 56/(-48) - 1135/(-6). Suppose -t = -